{"id":517,"date":"2019-10-04T01:01:14","date_gmt":"2019-10-03T23:01:14","guid":{"rendered":"https:\/\/www.swetlana-philipp.de\/?page_id=517"},"modified":"2025-11-02T18:46:58","modified_gmt":"2025-11-02T17:46:58","slug":"menschen","status":"publish","type":"page","link":"https:\/\/www.swetlana-philipp.de\/?page_id=517","title":{"rendered":"Menschen"},"content":{"rendered":"\n<p>Klick aufs Bild zum Vergr\u00f6\u00dfern und f\u00fcr Details (Name, Gr\u00f6\u00dfe, Preis)<\/p>\n\n\n\nngg_shortcode_0_placeholder\n\n\n\n<p><\/p>\n","protected":false},"excerpt":{"rendered":"<p>Klick aufs Bild zum Vergr\u00f6\u00dfern und f\u00fcr Details (Name, Gr\u00f6\u00dfe, Preis)<\/p>\n","protected":false},"author":3,"featured_media":0,"parent":40,"menu_order":0,"comment_status":"closed","ping_status":"closed","template":"page-full-width.php","meta":{"ngg_post_thumbnail":0,"footnotes":""},"class_list":["post-517","page","type-page","status-publish","hentry"],"jetpack_sharing_enabled":true,"_links":{"self":[{"href":"https:\/\/www.swetlana-philipp.de\/index.php?rest_route=\/wp\/v2\/pages\/517","targetHints":{"allow":["GET"]}}],"collection":[{"href":"https:\/\/www.swetlana-philipp.de\/index.php?rest_route=\/wp\/v2\/pages"}],"about":[{"href":"https:\/\/www.swetlana-philipp.de\/index.php?rest_route=\/wp\/v2\/types\/page"}],"author":[{"embeddable":true,"href":"https:\/\/www.swetlana-philipp.de\/index.php?rest_route=\/wp\/v2\/users\/3"}],"replies":[{"embeddable":true,"href":"https:\/\/www.swetlana-philipp.de\/index.php?rest_route=%2Fwp%2Fv2%2Fcomments&post=517"}],"version-history":[{"count":5,"href":"https:\/\/www.swetlana-philipp.de\/index.php?rest_route=\/wp\/v2\/pages\/517\/revisions"}],"predecessor-version":[{"id":1056,"href":"https:\/\/www.swetlana-philipp.de\/index.php?rest_route=\/wp\/v2\/pages\/517\/revisions\/1056"}],"up":[{"embeddable":true,"href":"https:\/\/www.swetlana-philipp.de\/index.php?rest_route=\/wp\/v2\/pages\/40"}],"wp:attachment":[{"href":"https:\/\/www.swetlana-philipp.de\/index.php?rest_route=%2Fwp%2Fv2%2Fmedia&parent=517"}],"curies":[{"name":"wp","href":"https:\/\/api.w.org\/{rel}","templated":true}]}}