{"id":31,"date":"2014-07-17T23:39:13","date_gmt":"2014-07-17T21:39:13","guid":{"rendered":"https:\/\/www.swetlana-philipp.de\/?page_id=31"},"modified":"2025-11-02T18:14:47","modified_gmt":"2025-11-02T17:14:47","slug":"aktuelles","status":"publish","type":"page","link":"https:\/\/www.swetlana-philipp.de\/?page_id=31","title":{"rendered":"Aktuelles"},"content":{"rendered":"\n<p class=\"has-large-font-size\"><strong>Caf\u00e9 Immergr\u00fcn (Jenergasse 6 in Jena)<\/strong> <\/p>\n\n\n\n<p>Am 18.11.2025 findet um 17.30 Uhr im Caf\u00e9 Immergr\u00fcn in der Jenergasse 6 eine Vernissage mit Bildern von Swetlana Philipp statt. Der Titel der Ausstellung ist: <em>Mit FARBE in den Herbst<\/em>. Zu sehen sind \u00d6lbilder von Landschaften, Frauenportraits, Spiralen und Phantasiefiguren in unterschiedlichen Formaten. Zur Vernissage, die vielleicht besser als \u201ePerissage\u201c zu bezeichnen ist, denn die Bilder h\u00e4ngen bereits seit der Wiederer\u00f6ffnung des Caf\u00e9s am 1. September 2025, wird Iris Kerstin Geisler Texte lesen und es gibt Musik mit dem Duo <em>ZWIO<\/em>. Die Bilder sind voraussichtlich noch bis zum Fr\u00fchjahr des kommenden Jahres zu sehen.<\/p>\n\n\n\n<p class=\"has-large-font-size\"><\/p>\n\n\n\n<p><\/p>\n\n\n\n<figure class=\"wp-block-image size-large\"><a href=\"https:\/\/www.swetlana-philipp.de\/wp-content\/uploads\/2025\/11\/20250823_202800.jpg\"><img loading=\"lazy\" decoding=\"async\" width=\"1024\" height=\"807\" src=\"https:\/\/www.swetlana-philipp.de\/wp-content\/uploads\/2025\/11\/20250823_202800-1024x807.jpg\" alt=\"\" class=\"wp-image-1047\" srcset=\"https:\/\/www.swetlana-philipp.de\/wp-content\/uploads\/2025\/11\/20250823_202800-1024x807.jpg 1024w, https:\/\/www.swetlana-philipp.de\/wp-content\/uploads\/2025\/11\/20250823_202800-300x236.jpg 300w, https:\/\/www.swetlana-philipp.de\/wp-content\/uploads\/2025\/11\/20250823_202800-768x605.jpg 768w, https:\/\/www.swetlana-philipp.de\/wp-content\/uploads\/2025\/11\/20250823_202800-1536x1210.jpg 1536w, https:\/\/www.swetlana-philipp.de\/wp-content\/uploads\/2025\/11\/20250823_202800.jpg 2033w\" sizes=\"auto, (max-width: 1024px) 100vw, 1024px\" \/><\/a><\/figure>\n\n\n\n<p class=\"has-large-font-size\"><\/p>\n\n\n\n<p><\/p>\n\n\n\n<p class=\"has-large-font-size\"><strong>Hotel und Gastst\u00e4tte &#8222;Zur Noll&#8220;<\/strong><\/p>\n\n\n\n<figure class=\"wp-block-image size-large is-resized\"><a href=\"https:\/\/www.swetlana-philipp.de\/wp-content\/uploads\/2022\/01\/noll-1.png\"><img loading=\"lazy\" decoding=\"async\" width=\"620\" height=\"955\" src=\"https:\/\/www.swetlana-philipp.de\/wp-content\/uploads\/2022\/01\/noll-1.png\" alt=\"\" class=\"wp-image-978\" style=\"width:574px;height:884px\" srcset=\"https:\/\/www.swetlana-philipp.de\/wp-content\/uploads\/2022\/01\/noll-1.png 620w, https:\/\/www.swetlana-philipp.de\/wp-content\/uploads\/2022\/01\/noll-1-195x300.png 195w\" sizes=\"auto, (max-width: 620px) 100vw, 620px\" \/><\/a><\/figure>\n\n\n\n<figure class=\"wp-block-image size-large is-resized is-style-default\"><img loading=\"lazy\" decoding=\"async\" width=\"723\" height=\"1024\" src=\"https:\/\/www.swetlana-philipp.de\/wp-content\/uploads\/2020\/09\/swetlana-philipp-723x1024.jpg\" alt=\"\" class=\"wp-image-842\" style=\"width:574px;height:801px\" srcset=\"https:\/\/www.swetlana-philipp.de\/wp-content\/uploads\/2020\/09\/swetlana-philipp-723x1024.jpg 723w, https:\/\/www.swetlana-philipp.de\/wp-content\/uploads\/2020\/09\/swetlana-philipp-212x300.jpg 212w, https:\/\/www.swetlana-philipp.de\/wp-content\/uploads\/2020\/09\/swetlana-philipp-768x1087.jpg 768w, https:\/\/www.swetlana-philipp.de\/wp-content\/uploads\/2020\/09\/swetlana-philipp-1085x1536.jpg 1085w, https:\/\/www.swetlana-philipp.de\/wp-content\/uploads\/2020\/09\/swetlana-philipp.jpg 1239w\" sizes=\"auto, (max-width: 723px) 100vw, 723px\" \/><\/figure>\n\n\n\n<figure class=\"wp-block-image size-large is-resized\"><img loading=\"lazy\" decoding=\"async\" width=\"729\" height=\"1024\" src=\"https:\/\/www.swetlana-philipp.de\/wp-content\/uploads\/2020\/10\/grafik-729x1024.png\" alt=\"\" class=\"wp-image-865\" style=\"width:580px;height:814px\" srcset=\"https:\/\/www.swetlana-philipp.de\/wp-content\/uploads\/2020\/10\/grafik-729x1024.png 729w, https:\/\/www.swetlana-philipp.de\/wp-content\/uploads\/2020\/10\/grafik-214x300.png 214w, https:\/\/www.swetlana-philipp.de\/wp-content\/uploads\/2020\/10\/grafik-768x1079.png 768w, https:\/\/www.swetlana-philipp.de\/wp-content\/uploads\/2020\/10\/grafik.png 798w\" sizes=\"auto, (max-width: 729px) 100vw, 729px\" \/><\/figure>\n\n\n\n<figure class=\"wp-block-image is-resized\"><img loading=\"lazy\" decoding=\"async\" width=\"724\" height=\"1024\" src=\"https:\/\/www.swetlana-philipp.de\/wp-content\/uploads\/2019\/07\/Web-Plakat-Juni-724x1024.jpg\" alt=\"\" class=\"wp-image-272\" style=\"width:577px;height:805px\" srcset=\"https:\/\/www.swetlana-philipp.de\/wp-content\/uploads\/2019\/07\/Web-Plakat-Juni-724x1024.jpg 724w, https:\/\/www.swetlana-philipp.de\/wp-content\/uploads\/2019\/07\/Web-Plakat-Juni-212x300.jpg 212w, https:\/\/www.swetlana-philipp.de\/wp-content\/uploads\/2019\/07\/Web-Plakat-Juni-768x1086.jpg 768w\" sizes=\"auto, (max-width: 724px) 100vw, 724px\" \/><\/figure>\n\n\n\n<figure class=\"wp-block-image is-resized\"><img loading=\"lazy\" decoding=\"async\" width=\"717\" height=\"1024\" src=\"https:\/\/www.swetlana-philipp.de\/wp-content\/uploads\/2019\/07\/KuGa2019_A4-717x1024.png\" alt=\"\" class=\"wp-image-279\" style=\"width:582px;height:812px\" srcset=\"https:\/\/www.swetlana-philipp.de\/wp-content\/uploads\/2019\/07\/KuGa2019_A4-717x1024.png 717w, https:\/\/www.swetlana-philipp.de\/wp-content\/uploads\/2019\/07\/KuGa2019_A4-210x300.png 210w, https:\/\/www.swetlana-philipp.de\/wp-content\/uploads\/2019\/07\/KuGa2019_A4-768x1097.png 768w, https:\/\/www.swetlana-philipp.de\/wp-content\/uploads\/2019\/07\/KuGa2019_A4.png 826w\" sizes=\"auto, (max-width: 717px) 100vw, 717px\" \/><\/figure>\n","protected":false},"excerpt":{"rendered":"<p>Caf\u00e9 Immergr\u00fcn (Jenergasse 6 in Jena) Am 18.11.2025 findet um 17.30 Uhr im Caf\u00e9 Immergr\u00fcn in der Jenergasse 6 eine Vernissage mit Bildern von Swetlana Philipp statt. Der Titel der Ausstellung ist: Mit FARBE in den Herbst. Zu sehen sind \u00d6lbilder von Landschaften, Frauenportraits, Spiralen und Phantasiefiguren in unterschiedlichen Formaten. Zur Vernissage, die vielleicht besser [&hellip;]<\/p>\n","protected":false},"author":3,"featured_media":0,"parent":0,"menu_order":2,"comment_status":"closed","ping_status":"closed","template":"page-full-width.php","meta":{"ngg_post_thumbnail":0,"footnotes":""},"class_list":["post-31","page","type-page","status-publish","hentry"],"jetpack_sharing_enabled":true,"_links":{"self":[{"href":"https:\/\/www.swetlana-philipp.de\/index.php?rest_route=\/wp\/v2\/pages\/31","targetHints":{"allow":["GET"]}}],"collection":[{"href":"https:\/\/www.swetlana-philipp.de\/index.php?rest_route=\/wp\/v2\/pages"}],"about":[{"href":"https:\/\/www.swetlana-philipp.de\/index.php?rest_route=\/wp\/v2\/types\/page"}],"author":[{"embeddable":true,"href":"https:\/\/www.swetlana-philipp.de\/index.php?rest_route=\/wp\/v2\/users\/3"}],"replies":[{"embeddable":true,"href":"https:\/\/www.swetlana-philipp.de\/index.php?rest_route=%2Fwp%2Fv2%2Fcomments&post=31"}],"version-history":[{"count":28,"href":"https:\/\/www.swetlana-philipp.de\/index.php?rest_route=\/wp\/v2\/pages\/31\/revisions"}],"predecessor-version":[{"id":1050,"href":"https:\/\/www.swetlana-philipp.de\/index.php?rest_route=\/wp\/v2\/pages\/31\/revisions\/1050"}],"wp:attachment":[{"href":"https:\/\/www.swetlana-philipp.de\/index.php?rest_route=%2Fwp%2Fv2%2Fmedia&parent=31"}],"curies":[{"name":"wp","href":"https:\/\/api.w.org\/{rel}","templated":true}]}}

<p class="has-large-font-size"><strong>Café Immergrün (Jenergasse 6 in Jena)</strong> </p>



<p>Am 18.11.2025 findet um 17.30 Uhr im Café Immergrün in der Jenergasse 6 eine Vernissage mit Bildern von Swetlana Philipp statt. Der Titel der Ausstellung ist: <em>Mit FARBE in den Herbst</em>. Zu sehen sind Ölbilder von Landschaften, Frauenportraits, Spiralen und Phantasiefiguren in unterschiedlichen Formaten. Zur Vernissage, die vielleicht besser als „Perissage“ zu bezeichnen ist, denn die Bilder hängen bereits seit der Wiedereröffnung des Cafés am 1. September 2025, wird Iris Kerstin Geisler Texte lesen und es gibt Musik mit dem Duo <em>ZWIO</em>. Die Bilder sind voraussichtlich noch bis zum Frühjahr des kommenden Jahres zu sehen.</p>



<p class="has-large-font-size"></p>



<p></p>



<figure class="wp-block-image size-large"><a href="https://www.swetlana-philipp.de/wp-content/uploads/2025/11/20250823_202800.jpg"><img loading="lazy" decoding="async" width="1024" height="807" src="https://www.swetlana-philipp.de/wp-content/uploads/2025/11/20250823_202800-1024x807.jpg" alt="" class="wp-image-1047" srcset="https://www.swetlana-philipp.de/wp-content/uploads/2025/11/20250823_202800-1024x807.jpg 1024w, https://www.swetlana-philipp.de/wp-content/uploads/2025/11/20250823_202800-300x236.jpg 300w, https://www.swetlana-philipp.de/wp-content/uploads/2025/11/20250823_202800-768x605.jpg 768w, https://www.swetlana-philipp.de/wp-content/uploads/2025/11/20250823_202800-1536x1210.jpg 1536w, https://www.swetlana-philipp.de/wp-content/uploads/2025/11/20250823_202800.jpg 2033w" sizes="auto, (max-width: 1024px) 100vw, 1024px" /></a></figure>



<p class="has-large-font-size"></p>



<p></p>



<p class="has-large-font-size"><strong>Hotel und Gaststätte &#8222;Zur Noll&#8220;</strong></p>



<figure class="wp-block-image size-large is-resized"><a href="https://www.swetlana-philipp.de/wp-content/uploads/2022/01/noll-1.png"><img loading="lazy" decoding="async" width="620" height="955" src="https://www.swetlana-philipp.de/wp-content/uploads/2022/01/noll-1.png" alt="" class="wp-image-978" style="width:574px;height:884px" srcset="https://www.swetlana-philipp.de/wp-content/uploads/2022/01/noll-1.png 620w, https://www.swetlana-philipp.de/wp-content/uploads/2022/01/noll-1-195x300.png 195w" sizes="auto, (max-width: 620px) 100vw, 620px" /></a></figure>



<figure class="wp-block-image size-large is-resized is-style-default"><img loading="lazy" decoding="async" width="723" height="1024" src="https://www.swetlana-philipp.de/wp-content/uploads/2020/09/swetlana-philipp-723x1024.jpg" alt="" class="wp-image-842" style="width:574px;height:801px" srcset="https://www.swetlana-philipp.de/wp-content/uploads/2020/09/swetlana-philipp-723x1024.jpg 723w, https://www.swetlana-philipp.de/wp-content/uploads/2020/09/swetlana-philipp-212x300.jpg 212w, https://www.swetlana-philipp.de/wp-content/uploads/2020/09/swetlana-philipp-768x1087.jpg 768w, https://www.swetlana-philipp.de/wp-content/uploads/2020/09/swetlana-philipp-1085x1536.jpg 1085w, https://www.swetlana-philipp.de/wp-content/uploads/2020/09/swetlana-philipp.jpg 1239w" sizes="auto, (max-width: 723px) 100vw, 723px" /></figure>



<figure class="wp-block-image size-large is-resized"><img loading="lazy" decoding="async" width="729" height="1024" src="https://www.swetlana-philipp.de/wp-content/uploads/2020/10/grafik-729x1024.png" alt="" class="wp-image-865" style="width:580px;height:814px" srcset="https://www.swetlana-philipp.de/wp-content/uploads/2020/10/grafik-729x1024.png 729w, https://www.swetlana-philipp.de/wp-content/uploads/2020/10/grafik-214x300.png 214w, https://www.swetlana-philipp.de/wp-content/uploads/2020/10/grafik-768x1079.png 768w, https://www.swetlana-philipp.de/wp-content/uploads/2020/10/grafik.png 798w" sizes="auto, (max-width: 729px) 100vw, 729px" /></figure>



<figure class="wp-block-image is-resized"><img loading="lazy" decoding="async" width="724" height="1024" src="https://www.swetlana-philipp.de/wp-content/uploads/2019/07/Web-Plakat-Juni-724x1024.jpg" alt="" class="wp-image-272" style="width:577px;height:805px" srcset="https://www.swetlana-philipp.de/wp-content/uploads/2019/07/Web-Plakat-Juni-724x1024.jpg 724w, https://www.swetlana-philipp.de/wp-content/uploads/2019/07/Web-Plakat-Juni-212x300.jpg 212w, https://www.swetlana-philipp.de/wp-content/uploads/2019/07/Web-Plakat-Juni-768x1086.jpg 768w" sizes="auto, (max-width: 724px) 100vw, 724px" /></figure>



<figure class="wp-block-image is-resized"><img loading="lazy" decoding="async" width="717" height="1024" src="https://www.swetlana-philipp.de/wp-content/uploads/2019/07/KuGa2019_A4-717x1024.png" alt="" class="wp-image-279" style="width:582px;height:812px" srcset="https://www.swetlana-philipp.de/wp-content/uploads/2019/07/KuGa2019_A4-717x1024.png 717w, https://www.swetlana-philipp.de/wp-content/uploads/2019/07/KuGa2019_A4-210x300.png 210w, https://www.swetlana-philipp.de/wp-content/uploads/2019/07/KuGa2019_A4-768x1097.png 768w, https://www.swetlana-philipp.de/wp-content/uploads/2019/07/KuGa2019_A4.png 826w" sizes="auto, (max-width: 717px) 100vw, 717px" /></figure>

<p>Café Immergrün (Jenergasse 6 in Jena) Am 18.11.2025 findet um 17.30 Uhr im Café Immergrün in der Jenergasse 6 eine Vernissage mit Bildern von Swetlana Philipp statt. Der Titel der Ausstellung ist: Mit FARBE in den Herbst. Zu sehen sind Ölbilder von Landschaften, Frauenportraits, Spiralen und Phantasiefiguren in unterschiedlichen Formaten. Zur Vernissage, die vielleicht besser [&hellip;]</p>
