{"id":26,"date":"2014-07-17T23:37:16","date_gmt":"2014-07-17T21:37:16","guid":{"rendered":"https:\/\/www.swetlana-philipp.de\/?page_id=26"},"modified":"2025-11-02T18:23:19","modified_gmt":"2025-11-02T17:23:19","slug":"vita","status":"publish","type":"page","link":"https:\/\/www.swetlana-philipp.de\/?page_id=26","title":{"rendered":"Vita"},"content":{"rendered":"\n<figure class=\"wp-block-image size-large is-resized\"><a href=\"https:\/\/www.swetlana-philipp.de\/wp-content\/uploads\/2025\/11\/20250803_120808-scaled.jpg\"><img loading=\"lazy\" decoding=\"async\" width=\"1024\" height=\"780\" src=\"https:\/\/www.swetlana-philipp.de\/wp-content\/uploads\/2025\/11\/20250803_120808-1024x780.jpg\" alt=\"\" class=\"wp-image-1052\" style=\"width:321px;height:214px\" srcset=\"https:\/\/www.swetlana-philipp.de\/wp-content\/uploads\/2025\/11\/20250803_120808-1024x780.jpg 1024w, https:\/\/www.swetlana-philipp.de\/wp-content\/uploads\/2025\/11\/20250803_120808-300x228.jpg 300w, https:\/\/www.swetlana-philipp.de\/wp-content\/uploads\/2025\/11\/20250803_120808-768x585.jpg 768w, https:\/\/www.swetlana-philipp.de\/wp-content\/uploads\/2025\/11\/20250803_120808-1536x1170.jpg 1536w, https:\/\/www.swetlana-philipp.de\/wp-content\/uploads\/2025\/11\/20250803_120808-2048x1560.jpg 2048w\" sizes=\"auto, (max-width: 1024px) 100vw, 1024px\" \/><\/a><\/figure>\n\n\n\n<p>In Leipzig 1968 geboren, kam ich 1989 nach Jena zum Studium der Philosophie und Psychologie. Nach Studienaufenthalten in Irland, Chile und Spanien, nach Diplom und Promotion, arbeite ich seit 2002 als Psychologin am Klinikum der Friedrich-Schiller-Universit\u00e4t am Institut f\u00fcr Psychosoziale Medizin, Psychotherapie und Psychoonkologie. In dieser Zeit begann ich mit \u00d6lfarben zu malen und wenn meine beiden S\u00f6hne im Bett waren, setzte ich mich an die Staffelei. <\/p>\n\n\n\n<p><\/p>\n","protected":false},"excerpt":{"rendered":"<p>In Leipzig 1968 geboren, kam ich 1989 nach Jena zum Studium der Philosophie und Psychologie. Nach Studienaufenthalten in Irland, Chile und Spanien, nach Diplom und Promotion, arbeite ich seit 2002 als Psychologin am Klinikum der Friedrich-Schiller-Universit\u00e4t am Institut f\u00fcr Psychosoziale Medizin, Psychotherapie und Psychoonkologie. In dieser Zeit begann ich mit \u00d6lfarben zu malen und wenn [&hellip;]<\/p>\n","protected":false},"author":3,"featured_media":0,"parent":0,"menu_order":3,"comment_status":"closed","ping_status":"closed","template":"page-full-width.php","meta":{"ngg_post_thumbnail":0,"footnotes":""},"class_list":["post-26","page","type-page","status-publish","hentry"],"jetpack_sharing_enabled":true,"_links":{"self":[{"href":"https:\/\/www.swetlana-philipp.de\/index.php?rest_route=\/wp\/v2\/pages\/26","targetHints":{"allow":["GET"]}}],"collection":[{"href":"https:\/\/www.swetlana-philipp.de\/index.php?rest_route=\/wp\/v2\/pages"}],"about":[{"href":"https:\/\/www.swetlana-philipp.de\/index.php?rest_route=\/wp\/v2\/types\/page"}],"author":[{"embeddable":true,"href":"https:\/\/www.swetlana-philipp.de\/index.php?rest_route=\/wp\/v2\/users\/3"}],"replies":[{"embeddable":true,"href":"https:\/\/www.swetlana-philipp.de\/index.php?rest_route=%2Fwp%2Fv2%2Fcomments&post=26"}],"version-history":[{"count":11,"href":"https:\/\/www.swetlana-philipp.de\/index.php?rest_route=\/wp\/v2\/pages\/26\/revisions"}],"predecessor-version":[{"id":1053,"href":"https:\/\/www.swetlana-philipp.de\/index.php?rest_route=\/wp\/v2\/pages\/26\/revisions\/1053"}],"wp:attachment":[{"href":"https:\/\/www.swetlana-philipp.de\/index.php?rest_route=%2Fwp%2Fv2%2Fmedia&parent=26"}],"curies":[{"name":"wp","href":"https:\/\/api.w.org\/{rel}","templated":true}]}}

<figure class="wp-block-image size-large is-resized"><a href="https://www.swetlana-philipp.de/wp-content/uploads/2025/11/20250803_120808-scaled.jpg"><img loading="lazy" decoding="async" width="1024" height="780" src="https://www.swetlana-philipp.de/wp-content/uploads/2025/11/20250803_120808-1024x780.jpg" alt="" class="wp-image-1052" style="width:321px;height:214px" srcset="https://www.swetlana-philipp.de/wp-content/uploads/2025/11/20250803_120808-1024x780.jpg 1024w, https://www.swetlana-philipp.de/wp-content/uploads/2025/11/20250803_120808-300x228.jpg 300w, https://www.swetlana-philipp.de/wp-content/uploads/2025/11/20250803_120808-768x585.jpg 768w, https://www.swetlana-philipp.de/wp-content/uploads/2025/11/20250803_120808-1536x1170.jpg 1536w, https://www.swetlana-philipp.de/wp-content/uploads/2025/11/20250803_120808-2048x1560.jpg 2048w" sizes="auto, (max-width: 1024px) 100vw, 1024px" /></a></figure>



<p>In Leipzig 1968 geboren, kam ich 1989 nach Jena zum Studium der Philosophie und Psychologie. Nach Studienaufenthalten in Irland, Chile und Spanien, nach Diplom und Promotion, arbeite ich seit 2002 als Psychologin am Klinikum der Friedrich-Schiller-Universität am Institut für Psychosoziale Medizin, Psychotherapie und Psychoonkologie. In dieser Zeit begann ich mit Ölfarben zu malen und wenn meine beiden Söhne im Bett waren, setzte ich mich an die Staffelei. </p>



<p></p>

<p>In Leipzig 1968 geboren, kam ich 1989 nach Jena zum Studium der Philosophie und Psychologie. Nach Studienaufenthalten in Irland, Chile und Spanien, nach Diplom und Promotion, arbeite ich seit 2002 als Psychologin am Klinikum der Friedrich-Schiller-Universität am Institut für Psychosoziale Medizin, Psychotherapie und Psychoonkologie. In dieser Zeit begann ich mit Ölfarben zu malen und wenn [&hellip;]</p>
